{"id":1198,"date":"2026-04-25T21:37:42","date_gmt":"2026-04-26T00:37:42","guid":{"rendered":"https:\/\/sennaadvogados.com\/?page_id=1198"},"modified":"2026-04-25T22:03:01","modified_gmt":"2026-04-26T01:03:01","slug":"servicos","status":"publish","type":"page","link":"https:\/\/sennaadvogados.com\/index.php\/servicos\/","title":{"rendered":"Servi\u00e7os"},"content":{"rendered":"\t\t<div data-elementor-type=\"wp-page\" data-elementor-id=\"1198\" class=\"elementor elementor-1198\" data-elementor-post-type=\"page\">\n\t\t\t\t<div class=\"elementor-element elementor-element-cb53e8e e-con-full elementor-hidden-mobile e-flex e-con e-parent\" data-id=\"cb53e8e\" data-element_type=\"container\" data-settings=\"{&quot;background_background&quot;:&quot;classic&quot;,&quot;shape_divider_top&quot;:&quot;opacity-tilt&quot;}\">\n\t\t\t\t<div class=\"elementor-shape elementor-shape-top\" aria-hidden=\"true\" data-negative=\"false\">\n\t\t\t<svg xmlns=\"http:\/\/www.w3.org\/2000\/svg\" viewBox=\"0 0 2600 131.1\" preserveAspectRatio=\"none\">\n\t<path class=\"elementor-shape-fill\" d=\"M0 0L2600 0 2600 69.1 0 0z\"\/>\n\t<path class=\"elementor-shape-fill\" style=\"opacity:0.5\" d=\"M0 0L2600 0 2600 69.1 0 69.1z\"\/>\n\t<path class=\"elementor-shape-fill\" style=\"opacity:0.25\" d=\"M2600 0L0 0 0 130.1 2600 69.1z\"\/>\n<\/svg>\t\t<\/div>\n\t\t\t\t<\/div>\n\t\t<div class=\"elementor-element elementor-element-3b241e8 e-flex e-con-boxed e-con e-parent\" data-id=\"3b241e8\" data-element_type=\"container\" data-settings=\"{&quot;background_background&quot;:&quot;classic&quot;}\">\n\t\t\t\t\t<div class=\"e-con-inner\">\n\t\t\t\t<div class=\"elementor-element elementor-element-caffa62 elementor-widget elementor-widget-heading\" data-id=\"caffa62\" data-element_type=\"widget\" data-widget_type=\"heading.default\">\n\t\t\t\t<div class=\"elementor-widget-container\">\n\t\t\t\t\t<h2 class=\"elementor-heading-title elementor-size-default\">Advogado Criminal no Rio de Janeiro: <br> <\/h2>\t\t\t\t<\/div>\n\t\t\t\t<\/div>\n\t\t\t\t<div class=\"elementor-element elementor-element-ccd4a4a elementor-widget elementor-widget-heading\" data-id=\"ccd4a4a\" data-element_type=\"widget\" data-widget_type=\"heading.default\">\n\t\t\t\t<div class=\"elementor-widget-container\">\n\t\t\t\t\t<h2 class=\"elementor-heading-title elementor-size-default\">Localiza\u00e7\u00e3o de Presos e Assist\u00eancia em Unidades Prisionais<\/h2>\t\t\t\t<\/div>\n\t\t\t\t<\/div>\n\t\t\t\t<div class=\"elementor-element elementor-element-1c64ae6 elementor-widget elementor-widget-text-editor\" data-id=\"1c64ae6\" data-element_type=\"widget\" data-widget_type=\"text-editor.default\">\n\t\t\t\t<div class=\"elementor-widget-container\">\n\t\t\t\t\t\t\t\t\t<p data-path-to-node=\"4\">Se voc\u00ea tem um familiar desaparecido ap\u00f3s uma abordagem policial ou precisa de informa\u00e7\u00f5es urgentes sobre algu\u00e9m sob cust\u00f3dia no estado do Rio de Janeiro, o tempo \u00e9 o seu maior inimigo. No sistema prisional fluminense, a falta de informa\u00e7\u00f5es claras pode agravar a situa\u00e7\u00e3o jur\u00eddica do detido.<\/p><p data-path-to-node=\"5\">Nosso escrit\u00f3rio de advocacia criminal \u00e9 especializado em <b data-path-to-node=\"5\" data-index-in-node=\"58\">interven\u00e7\u00f5es r\u00e1pidas e localiza\u00e7\u00e3o imediata de custodiados<\/b> em delegacias (Pol\u00edcia Civil), pres\u00eddios e cadeias p\u00fablicas da SEAP-RJ. Atuamos com prontid\u00e3o para garantir os direitos fundamentais e a integridade f\u00edsica de quem acaba de ingressar no sistema prisional.<\/p><h3 data-path-to-node=\"6\">Por que a Interven\u00e7\u00e3o Jur\u00eddica Imediata \u00e9 Vital?<\/h3><p data-path-to-node=\"7\">No RJ, as primeiras horas de cust\u00f3dia definem o rumo de um processo criminal. Nossa equipe atua diretamente na:<\/p><ul data-path-to-node=\"8\"><li><p data-path-to-node=\"8,0,0\"><b data-path-to-node=\"8,0,0\" data-index-in-node=\"0\">Localiza\u00e7\u00e3o de Presos em Tempo Real:<\/b> Varredura t\u00e9cnica em sistemas oficiais e dilig\u00eancias em unidades de triagem (como Benfica ou pres\u00eddios em Gericin\u00f3\/Bangu).<\/p><\/li><li><p data-path-to-node=\"8,1,0\"><b data-path-to-node=\"8,1,0\" data-index-in-node=\"0\">Verifica\u00e7\u00e3o de Integridade:<\/b> Garantia de que o custodiado est\u00e1 em condi\u00e7\u00f5es dignas e possui assist\u00eancia jur\u00eddica desde o primeiro momento.<\/p><\/li><li><p data-path-to-node=\"8,2,0\"><b data-path-to-node=\"8,2,0\" data-index-in-node=\"0\">Acompanhamento em Audi\u00eancia de Cust\u00f3dia:<\/b> Defesa t\u00e9cnica imediata para buscar a liberdade provis\u00f3ria ou medidas cautelares alternativas.<\/p><\/li><\/ul><h3 data-path-to-node=\"9\">Atua\u00e7\u00e3o Especializada em Unidades Prisionais e Delegacias (RJ)<\/h3><p data-path-to-node=\"10\">Dominamos a log\u00edstica do sistema prisional do Rio de Janeiro, desde o Complexo de Gericin\u00f3 at\u00e9 as unidades do interior. Se voc\u00ea precisa saber onde uma pessoa est\u00e1 ou necessita de uma visita t\u00e9cnica para verificar a situa\u00e7\u00e3o de um processo, selecione o servi\u00e7o abaixo para uma assist\u00eancia especializada:<\/p>\t\t\t\t\t\t\t\t<\/div>\n\t\t\t\t<\/div>\n\t\t\t\t\t<\/div>\n\t\t\t\t<\/div>\n\t\t<div class=\"elementor-element elementor-element-e984658 e-flex e-con-boxed e-con e-parent\" data-id=\"e984658\" data-element_type=\"container\" data-settings=\"{&quot;background_background&quot;:&quot;classic&quot;}\">\n\t\t\t\t\t<div class=\"e-con-inner\">\n\t\t<div class=\"elementor-element elementor-element-bf0815c e-con-full e-flex e-con e-child\" data-id=\"bf0815c\" data-element_type=\"container\">\n\t\t\t\t<div class=\"elementor-element elementor-element-e7c2289 elementor-align-center elementor-widget elementor-widget-button\" data-id=\"e7c2289\" data-element_type=\"widget\" data-widget_type=\"button.default\">\n\t\t\t\t<div class=\"elementor-widget-container\">\n\t\t\t\t\t\t\t\t\t<div class=\"elementor-button-wrapper\">\n\t\t\t\t\t<a class=\"elementor-button elementor-button-link elementor-size-sm\" href=\"https:\/\/sennaadvogados.com\/index.php\/unidades-prisionais\/\">\n\t\t\t\t\t\t<span class=\"elementor-button-content-wrapper\">\n\t\t\t\t\t\t\t\t\t<span class=\"elementor-button-text\">Unidades Prisionais<\/span>\n\t\t\t\t\t<\/span>\n\t\t\t\t\t<\/a>\n\t\t\t\t<\/div>\n\t\t\t\t\t\t\t\t<\/div>\n\t\t\t\t<\/div>\n\t\t\t\t<\/div>\n\t\t<div class=\"elementor-element elementor-element-3ace493 e-con-full e-flex e-con e-child\" data-id=\"3ace493\" data-element_type=\"container\">\n\t\t\t\t<div class=\"elementor-element elementor-element-069aedf elementor-align-center elementor-widget elementor-widget-button\" data-id=\"069aedf\" data-element_type=\"widget\" data-widget_type=\"button.default\">\n\t\t\t\t<div class=\"elementor-widget-container\">\n\t\t\t\t\t\t\t\t\t<div class=\"elementor-button-wrapper\">\n\t\t\t\t\t<a class=\"elementor-button elementor-button-link elementor-size-sm\" href=\"https:\/\/sennaadvogados.com\/index.php\/localizacao-de-presos-seap-rj\/\">\n\t\t\t\t\t\t<span class=\"elementor-button-content-wrapper\">\n\t\t\t\t\t\t\t\t\t<span class=\"elementor-button-text\">Localiza\u00e7\u00e3o de Presos Seap - RJ<\/span>\n\t\t\t\t\t<\/span>\n\t\t\t\t\t<\/a>\n\t\t\t\t<\/div>\n\t\t\t\t\t\t\t\t<\/div>\n\t\t\t\t<\/div>\n\t\t\t\t<\/div>\n\t\t\t\t\t<\/div>\n\t\t\t\t<\/div>\n\t\t\t\t<\/div>\n\t\t","protected":false},"excerpt":{"rendered":"<p>Advogado Criminal no Rio de Janeiro: Localiza\u00e7\u00e3o de Presos e Assist\u00eancia em Unidades Prisionais Se voc\u00ea tem um familiar desaparecido ap\u00f3s uma abordagem policial ou precisa de informa\u00e7\u00f5es urgentes sobre algu\u00e9m sob cust\u00f3dia no estado do Rio de Janeiro, o tempo \u00e9 o seu maior inimigo. No sistema prisional fluminense, a falta de informa\u00e7\u00f5es claras [&hellip;]<\/p>\n","protected":false},"author":1,"featured_media":0,"parent":0,"menu_order":0,"comment_status":"closed","ping_status":"closed","template":"","meta":{"_joinchat":[],"footnotes":""},"class_list":["post-1198","page","type-page","status-publish","hentry"],"_links":{"self":[{"href":"https:\/\/sennaadvogados.com\/index.php\/wp-json\/wp\/v2\/pages\/1198","targetHints":{"allow":["GET"]}}],"collection":[{"href":"https:\/\/sennaadvogados.com\/index.php\/wp-json\/wp\/v2\/pages"}],"about":[{"href":"https:\/\/sennaadvogados.com\/index.php\/wp-json\/wp\/v2\/types\/page"}],"author":[{"embeddable":true,"href":"https:\/\/sennaadvogados.com\/index.php\/wp-json\/wp\/v2\/users\/1"}],"replies":[{"embeddable":true,"href":"https:\/\/sennaadvogados.com\/index.php\/wp-json\/wp\/v2\/comments?post=1198"}],"version-history":[{"count":19,"href":"https:\/\/sennaadvogados.com\/index.php\/wp-json\/wp\/v2\/pages\/1198\/revisions"}],"predecessor-version":[{"id":1237,"href":"https:\/\/sennaadvogados.com\/index.php\/wp-json\/wp\/v2\/pages\/1198\/revisions\/1237"}],"wp:attachment":[{"href":"https:\/\/sennaadvogados.com\/index.php\/wp-json\/wp\/v2\/media?parent=1198"}],"curies":[{"name":"wp","href":"https:\/\/api.w.org\/{rel}","templated":true}]}}